
Let b(m) = m**3 - 18*m**2 + 30*m + 36. What is b(16)?
4
Let s(m) = m**3 - 5*m**2 + 6*m - 6. What is s(3)?
-6
Let g(b) = -8*b. Determine g(1).
-8
Let f(q) = -q**2 - 7*q - 6. Calculate f(-6).
0
Let b(c) = -13*c - 8. What is b(0)?
-8
Let q(w) = -w**2 + 16*w - 17. Calculate q(16).
-17
Let u(q) = 4*q - 13. Give u(-9).
-49
Let q(x) = -x**3 - 3*x**2 + 10*x + 1. Determine q(-6).
49
Let l(z) = z**2 - 26. Calculate l(0).
-26
Let t(i) = i**2 - 28*i - 346. What is t(38)?
34
Let o(m) = -m**2 - m + 10. Determine o(-4).
-2
Let v(f) = 2*f**2 + 18*f + 14. What is v(-9)?
14
Let i(c) = -c**2 + 16*c - 56. Calculate i(10).
4
Let o(p) = -6*p + 49. Give o(6).
13
Let q(j) = -2*j**2 - j + 4. Calculate q(0).
4
Let v(p) = -p + 19. Calculate v(-13).
32
Let g(t) = -7*t**2 - 8*t - 6. Determine g(0).
-6
Let t(f) = -f**2 + 13*f - 8. What is t(14)?
-22
Let k(i) = -i**3 + 7*i**2 + 4*i + 24. Determine k(8).
-8
Let f(s) = s**3 + 9*s**2 - 6*s - 13. Give f(-9).
41
Let l(n) = n**3 - 9*n**2 + 4. What is l(9)?
4
Let m(d) = -7*d - 37. Calculate m(-7).
12
Let y(s) = -s**3 - 10*s**2 + 11*s + 6. Determine y(-11).
6
Let i(q) = -q**3 - 10*q**2 + 8*q - 5. Determine i(-10).
-85
Let m(g) = -g**3 - 6*g**2 + 16*g - 4. Determine m(-8).
-4
Let z(g) = -7*g + 4. Give z(-10).
74
Let n(s) = -s**2 + 2*s + 22. Give n(5).
7
Let i(u) = -19*u - 141. Give i(-8).
11
Let o(w) = w**3 - 11*w**2 + 8*w - 22. Give o(10).
-42
Let p(f) = f**2 + 5*f - 14. Calculate p(-7).
0
Let f(r) = 3*r**3 + 23*r**2 - 12*r - 10. What is f(-8)?
22
Let o(m) = m**3 + 33*m**2 - 33*m + 71. Calculate o(-34).
37
Let c(w) = -w**2 - 20*w - 14. Calculate c(-19).
5
Let s(g) = -21*g + 255. Calculate s(12).
3
Let a(m) = m**2 - 6*m - 2. Determine a(7).
5
Let k(p) = -p**3 + 5*p**2 + 16*p - 6. Determine k(7).
8
Let u(m) = m**3 + 38*m**2 + 101*m - 132. Determine u(-35).
8
Let u(w) = -12*w**2 + 6*w - 5. Calculate u(1).
-11
Let n(h) = 16*h + 1. Give n(8).
129
Let i(p) = p**3 + 11*p**2 - 79*p + 24. Give i(-16).
8
Let h(m) = -25*m - 1. Determine h(1).
-26
Let v(o) = -o**3 + 6*o**2 - 4*o + 5. What is v(6)?
-19
Let u(p) = -p**3 - 23*p**2 - 25*p. Determine u(-22).
66
Let y(q) = 14*q + 41. Give y(-9).
-85
Let b(v) = 4*v**2 + v. Calculate b(1).
5
Let i(a) = 16*a**3 + 2*a**2 - 5*a - 6. What is i(-1)?
-15
Let z(v) = 5*v + 16. Calculate z(-5).
-9
Let m(p) = 2*p + 3. Calculate m(-4).
-5
Let n(c) = -c**3 - 8*c**2 - 8*c - 12. Give n(-8).
52
Let c(o) = 26*o - 10. Calculate c(-3).
-88
Let r(l) = -l**3 - 6*l**2 + 2*l + 6. What is r(-6)?
-6
Let v(s) = s**2 + s. What is v(3)?
12
Let n(h) = h**3 - 11*h**2 - 13*h - 13. Calculate n(12).
-25
Let y(c) = -c**2 + 2*c + 9. Give y(-2).
1
Let b(o) = o**3 - 12*o**2 + 14*o - 5. What is b(10)?
-65
Let f(c) = -c**3 - 9*c**2 - 14*c - 20. Determine f(-8).
28
Let c(u) = -7*u + 26. Calculate c(3).
5
Let y(s) = s**3 + 7*s**2 - 8*s + 14. Calculate y(-8).
14
Let y(m) = 51*m**2 - 152*m - 2. What is y(3)?
1
Let u(r) = -r**3 - 3*r**2 - 4*r - 8. Calculate u(-5).
62
Let p(y) = y**3 + 5*y**2 + 5*y - 6. Determine p(4).
158
Let d(h) = h**3 + 4*h**2 + 2*h + 1. Give d(-3).
4
Let z(v) = 10*v + 60. Determine z(-6).
0
Let g(y) = -8*y - 41. Determine g(-6).
7
Let h(w) = 2*w**2 - 23*w - 14. What is h(13)?
25
Let t(j) = 24*j + 187. What is t(-8)?
-5
Let s(g) = g**3 - 6*g**2 - 3. Determine s(6).
-3
Let f(w) = -w**2 - 7*w + 5. Determine f(-8).
-3
Let n(h) = -h**2 + 18*h + 12. What is n(19)?
-7
Let r(l) = 6*l - 62. Calculate r(11).
4
Let z(w) = 2*w**2 - w - 1. Calculate z(0).
-1
Let d(q) = -19*q**3 + 2*q**2 - 2*q - 5. What is d(-1)?
18
Let c(r) = 21*r**3 - 2*r**2 + r. Calculate c(1).
20
Let n(l) = -l**2 - 2*l + 5. Give n(4).
-19
Let i(p) = -10*p - 9. Calculate i(-1).
1
Let j(t) = 10*t + 112. What is j(-12)?
-8
Let h(y) = 10*y + 11. Calculate h(0).
11
Let b(q) = q**3 - 3*q**2 - q + 4. What is b(3)?
1
Let y(b) = b - 54. Determine y(-16).
-70
Let m(a) = -2*a**2 - 11*a - 4. Give m(-7).
-25
Let a(k) = -k**3 + 4*k**2 - 22*k + 54. What is a(3)?
-3
Let z(g) = g**3 + 13*g**2 + 15*g + 22. Give z(-12).
-14
Let a(x) = x**3 + 5*x**2 + 2*x - 3. Calculate a(-4).
5
Let v(r) = -r + 8. What is v(0)?
8
Let s(i) = 3*i - 83. Determine s(29).
4
Let z(a) = 3*a**2 - 127*a + 286. Calculate z(40).
6
Let s(j) = -j**3 - 59*j**2 + 123*j + 57. What is s(-61)?
-4
Let r(w) = w**3 + 4*w**2 + 5*w + 1. Calculate r(-4).
-19
Let x(o) = o**3 - 20*o**2 - 73*o + 49. Give x(23).
-43
Let p(u) = -3*u - 33. Calculate p(-7).
-12
Let b(j) = -j**2 + 15*j + 7. Give b(13).
33
Let q(h) = h**2 - 8*h + 7. Give q(5).
-8
Let n(w) = -37*w**3 + 2*w**2 - 1. Give n(1).
-36
Let s(x) = -x**3 - 15*x**2 + x + 4. Determine s(-15).
-11
Let c(g) = g**2 + 19*g + 25. Determine c(-17).
-9
Let p(d) = d + 16. Give p(-11).
5
Let l(m) = -m**3 - m + 1. What is l(3)?
-29
Let z(f) = -6*f**2 + 32*f - 4. Give z(5).
6
Let z(b) = -10*b + 3. Give z(1).
-7
Let m(q) = -111*q - 1004. Calculate m(-9).
-5
Let a(y) = -5*y - 11. What is a(-8)?
29
Let n(s) = -3*s**2 - 44*s - 4. Give n(-14).
24
Let y(a) = -a**3 - a**2 + a + 29. Give y(0).
29
Let k(z) = 15*z - 7. Calculate k(0).
-7
Let g(w) = 4*w**2 + 5*w + 12. Determine g(-5).
87
Let x(g) = -g**2 - 6*g + 5. Determine x(4).
-35
Let l(x) = x**2 - 42*x + 4. Calculate l(0).
4
Let s(a) = -a**2 - 25*a - 21. Calculate s(-16).
123
Let m(a) = a + 12. Determine m(-10).
2
Let c(s) = 4*s**2 + s - 13. Give c(3).
26
Let p(n) = -2*n**2 + 6*n - 4. Determine p(3).
-4
Let i(j) = -j**3 + 18*j**2 + 113*j + 57. Determine i(23).
11
Let k(n) = -n**3 + 19*n**2 + 65*n + 16. What is k(22)?
-6
Let i(h) = 184*h + 344. What is i(-2)?
-24
Let j(r) = -3*r**3 + r**2 - r + 2. Calculate j(-3).
95
Let r(k) = -2*k**2 - 66*k. Determine r(-33).
0
Let d(j) = 6*j + 5. What is d(-5)?
-25
Let q(t) = t**2 + 5*t - 2. Calculate q(-4).
-6
Let c(t) = -7*t - 32. Calculate c(3).
-53
Let d(l) = 30*l**3 - l**2 - 3*l - 2. Give d(-1).
-30
Let d(c) = -3*c**2 - 39*c - 97. Give d(-9).
11
Let l(n) = n**2 + 11*n - 3. Give l(-12).
9
Let n(f) = -f**3 - 8*f**2 - 7*f - 3. Give n(-6).
-33
Let h(j) = -3*j**3 + 154*j**2 - 51*j - 3. Calculate h(51).
-3
Let j(g) = -g**3 + 28*g**2 + 28*g - 72. What is j(29)?
-101
Let u(b) = 35*b - 3. Determine u(2).
67
Let m(o) = 4*o + 3. Calculate m(3).
15
Let k(x) = -x**3 - 26*x**2 + 29*x + 52. Calculate k(-27).
-2
Let z(t) = t**2 + 6*t + 13. Determine z(-8).
29
Let s(b) = -2*b**3 - 5*b**2 + 3*b - 3. Calculate s(-4).
33
Let r(v) = -v**3 + 5*v**2 - 3*v + 12. What is r(5)?
-3
Let q(x) = 2*x**2 - 23*x + 28. Give q(9).
-17
Let w(t) = -2*t + 1. Calculate w(-2).
5
Let i(m) = 31*m + 188. What is i(-6)?
2
Let p(o) = -18*o - 5. Calculate p(-4).
67
Let d(s) = -s**2 + 17*s - 8. Calculate d(17).
-8
Let s(t) = -t - 5. Determine s(-11).
6
Let t(g) = -14*g + 653. What is t(47)?
-5
Let a(z) = z**2 - 6*z + 16. Calculate a(4).
8
Let r(b) = b - 10. What is r(16)?
6
Let c(r) = r**3 - 10*r**2 + 8*r - 5. Give c(9).
-14
Let q(w) = -w**2 - 2*w + 65. Calculate q(9).
-34
Let b(m) = m**3 - 5*m**2 + 6*m + 9. Calculate b(5).
39
Let k(y) = -6*y - 1. Give k(-1).
5
Let h(g) = -g + 3. Calculate h(0).
3
Let m(r) = r**2 + 6*r + 7. Calculate m(-5).
2
Let j(p) = -p**3 + 5*p**2 - 2*p - 2. Calculate j(3).
10
Let q(b) = 2*b - 5. Give q(-8).
-21
Let l(x) = x**2 - 5*x + 4. What is l(5)?
4
Let c(q) = -8*q + 36. What is c(4)?
4
Let d(n) = -24*n**3 - n**2 + 2*n - 1. Give d(1).
-24
Let o(p) = -p**2 + 14*p + 7. What is o(0)?
7
Let k(h) = 6*h + 95. What is k(-16)?
-1
Let a(d) = d**3 + 13*d**2 + 14*d + 26. Calculate a(-12).
2
Let o(d) = d - 6. Give o(-6).
-12
Let z(q) = -q**3 - 7*q**2 - 7*q - 1. Give z(-5).
-16
Let k(r) = r**2 + 14*r + 4. Determine k(-8).
-44
Let g(k) = k**3 + 4*k**2 + k + 2. Calculate g(-3).
8
Let k(b) = 3*b**2 - 23*b - 3. Determine k(9).
33
Let o(w) = w**3 - 5*w**2 - 5*w - 24. Determine o(6).
-18
Let q(d) = -d**2 - 3*d - 3. Give q(-4).
-7
Let q(w) = w**2 - 45*w + 267. What is q(38)?
1
Let p(v) = -v**3 + 12*v**2 + 2*v + 3. Calculate p(12).
27
Let o(x) = -x**3 + 3*x**2 + x + 6. Calculate o(4).
-6
Let c(i) = -23*i**2 + 1. Determine c(-1).
-22
Let o(c) = 11*c - 18. What is o(7)?
59
Let f(x) = -16*x**2 - x - 2. Determine f(-1).
-17
Let q(c) = -11*c + 57. What is q(4)?
13
Let o(x) = 76*x - 14. Calculate o(2).
138
Let b(y) = -41*y - 1. Determine b(2).
-83
Let w(f) = -2*f**2 + 8*f - 1. Determine w(6).
-25
Let g(m) = 65*m - 381. Give g(6).
9
Let y(k) = -2*k